e 3, what is 10 + 21112221200021?
21112221200101
In base 13, what is -563 + 55261?
549cb
In base 15, what is -29 - 624e?
-6278
In base 14, what is -707843 + 3?
-707840
In base 4, what is 1 - 3010212220102?
-3010212220101
In base 8, what is 16306 - 3772?
12314
In base 10, what is 13718 + 59623?
73341
In base 2, what is 1000100 + 100100001111110110?
100100010000111010
In base 3, what is 100221 - 220211000?
-220110002
In base 16, what is -a + -bdb32?
-bdb3c
In base 11, what is 725 - -268613?
269238
In base 4, what is -312010333 - -123?
-312010210
In base 2, what is -1110110011111110110111001111 + 10?
-1110110011111110110111001101
In base 5, what is 10 + -2004343123?
-2004343113
In base 9, what is 278 - 2536836?
-2536547
In base 14, what is -11 + 321ba6?
321b95
In base 15, what is 4 - 902a3?
-9029e
In base 9, what is -1241 - -540146?
537805
In base 6, what is 2034234 - 104?
2034130
In base 6, what is 25 + 1441100032?
1441100101
In base 6, what is -1235 - -230552421?
230551142
In base 14, what is 965a73 + -a6?
9659ab
In base 12, what is 5 - 252233?
-25222a
In base 4, what is 303223 + -3231002?
-2321113
In base 8, what is -744 - -102177?
101233
In base 11, what is -355883 + 107?
-355777
In base 11, what is 4 - -8141380?
8141384
In base 5, what is -1003421 - -104034?
-344332
In base 11, what is -30 - -49500?
49480
In base 5, what is -1324411310 + 11?
-1324411244
In base 8, what is 1416 - 446553?
-445135
In base 15, what is 3 + 6070aac?
6070ab0
In base 12, what is 5 - 79410991?
-79410988
In base 12, what is -2807066 - 4?
-280706a
In base 11, what is a010aa7 + 41?
a011038
In base 10, what is -5770 - -41331?
35561
In base 14, what is b21b38 + 5?
b21b3d
In base 3, what is 120 - 1112001111002?
-1112001110112
In base 15, what is 71cba + -1d?
71c9c
In base 14, what is 2d + -103a7b7?
-103a788
In base 3, what is -21102002201200001 - -10?
-21102002201122221
In base 7, what is 2 + -300634156?
-300634154
In base 9, what is -41211 + 13806?
-26304
In base 12, what is 35 - 254837?
-254802
In base 5, what is 2200201 + -32020?
2113131
In base 6, what is 154354 - 101334?
53020
In base 6, what is 14402043200 + 4?
14402043204
In base 16, what is 63b2 + -101?
62b1
In base 14, what is 2421 - -36?
2457
In base 8, what is 10541 - 12456?
-1715
In base 4, what is -100213220 - 202210?
-101022030
In base 13, what is 14052 + -32c0?
10a62
In base 15, what is -19 - 1aeb8d?
-1aeba7
In base 6, what is 1 + 533013104?
533013105
In base 15, what is -1 - -534e450?
534e44e
In base 9, what is -563368468 + 2?
-563368466
In base 9, what is 313188 - 10?
313178
In base 11, what is 10 - 125576?
-125566
In base 3, what is -1012110222 + -11202121?
-1101020120
In base 15, what is -e3 - -2c37?
2b44
In base 14, what is -c2197 - -3a?
-c215b
In base 10, what is 3 - -15374899?
15374902
In base 15, what is 276b5 - -9aa?
28170
In base 16, what is -c4772a - -2?
-c47728
In base 10, what is -147636 + 524?
-147112
In base 8, what is 1 + 2351555?
2351556
In base 12, what is -2 + 30802241?
3080223b
In base 3, what is -2011 + -112120012?
-112122100
In base 7, what is -2 - 101460144?
-101460146
In base 4, what is 321111 + -10332?
310113
In base 4, what is 1010133221031 - -2?
1010133221033
In base 9, what is -1 - 185035082?
-185035083
In base 4, what is -22 + 3203300212210?
3203300212122
In base 13, what is 35197 + -230?
34c67
In base 14, what is 316 - -d5d69?
d6281
In base 10, what is -89 - -77873?
77784
In base 15, what is 208 - -1bd93?
1c09b
In base 9, what is 316565 + -10?
316555
In base 14, what is -14058a - -17?
-140573
In base 3, what is 2202021212221001 - 0?
2202021212221001
In base 10, what is -56 - -167785?
167729
In base 15, what is -23eb3 + -34?
-23ee7
In base 11, what is 23446269 + 4?
23446272
In base 5, what is -101 - 2033020202?
-2033020303
In base 8, what is 532 - 47431?
-46677
In base 12, what is -1508 + -2568?
-3a74
In base 13, what is -b116292 + -6?
-b116298
In base 15, what is -4109eb - -2b5?
-410736
In base 11, what is 592 + -192880?
-192299
In base 2, what is -10 + 1000000011100110000101111000?
1000000011100110000101110110
In base 6, what is -105532000 - 22?
-105532022
In base 6, what is 3101345 - 4232?
3053113
In base 10, what is 1 + 2825225?
2825226
In base 15, what is -3 + -163b8a?
-163b8d
In base 11, what is 2257 - 10a31?
-9785
In base 10, what is -125083 - 137?
-125220
In base 15, what is 396 - -1c42?
20d8
In base 7, what is 3 + -12235356?
-12235353
In base 5, what is -4 + 41321232342?
41321232333
In base 9, what is -181865 + -241?
-182216
In base 7, what is -10363552 - 6?
-10363561
In base 10, what is 5604409 + 16?
5604425
In base 2, what is 10001000110001100101100010 + 100010?
10001000110001100110000100
In base 9, what is 2021344524 + -3?
2021344521
In base 7, what is -212015655 - 5?
-212015663
In base 11, what is 90 + -156197?
-156107
In base 4, what is -1003001 + 3312122?
2303121
In base 9, what is 15466 + 172137?
187614
In base 16, what is -d4 + -1c955?
-1ca29
In base 3, what is -21 + 100020221200?
100020221102
In base 2, what is -10011100110101010100110100 + 0?
-10011100110101010100110100
In base 9, what is -817266 + 228?
-817037
In base 16, what is 4a + -24bd7d?
-24bd33
In base 16, what is 70f7 - -2446?
953d
In base 4, what is 1113231010 - -1102?
1113232112
In base 5, what is -23 - 143232142230?
-143232142303
In base 5, what is -1313343 + 103302?
-1210041
In base 10, what is -2619 - -2192?
-427
In base 7, what is -66333 + -2014?
-101350
In base 2, what is 1 - -100001001100101001100010?
100001001100101001100011
In base 9, what is -8386 + 146338?
136842
In base 14, what is 22 - 1304038?
-1304016
In base 7, what is -4460143 - 2601?
-4463044
In base 10, what is -386 - 291807?
-292193
In base 12, what is 4 + 328ab796?
328ab79a
In base 6, what is -120331 + 15?
-120312
In base 3, what is 2 - -1020211100111212?
1020211100111221
In base 5, what is 431314024 - -14?
431314043
In base 16, what is 1 + 732d99?
732d9a
In base 9, what is 13 - 1858850?
-1858836
In base 15, what is -b8b84 + -4b?
-b8bd0
In base 3, what is -10 - 1012002000212?
-1012002000222
In base 10, what is -9670 - -4881?
-4789
In base 15, what is -760 - 3053?
-37b3
In base 4, what is 13 + -12021210133?
-12021210120
In base 14, what is -123d8d9 - -2?
-123d8d7
In base 13, what is 1 + 153bc97?
153bc98
In base 7, what is -53344 + 126451?
43104
In base 16, what is 152 - -4146?
4298
In base 14, what is 8 - -a034d96?
a034da0
In base 11, what is 364a9 + 3?
36501
In base 8, what is -2516326 + 1237?
-2515067
In base 16, what is -56 - 4422c?
-44282
In base 8, what is -11376 - -7515?
-1661
In base 15, what is 0 + 1865786?
1865786
In base 13, what is -11231c1 - 1?
-11231c2
In base 6, what is -402 - -14031001?
14030155
In base 15, what is 17 - -1216a?
12182
In base 7, what is -1156 - -125541?
124352
In base 11, what is 37477a2 - 5?
3747798
In base 15, what is 9444e5 - 4?
9444e1
In base 16, what is -5 + -1d4a1f2?
-1d4a1f7
In base 11, what is 1 + 1493500?
1493501
In base 5, what is -2442 - -2324013?
2321021
In base 7, what is -1322 + 626461?
625136
In base 2, what is -1 + 11011101100101001000101010?
11011101100101001000101001
In base 10, what is -11 - -322339?
322328
In base 13, what is -588c329 + 6?
-588c323
In base 5, what is 3224022 + -3332?
3220140
In base 10, what is 0 + -36837835?
-36837835
In base 14, what is -42d01d - 4?
-42d023
In base 13, what is -a8c05 + -66?
-a8c6b
In base 9, what is -2 + 2034553?
2034551
In base 16, what is 21f + 19896?
19ab5
In base 15, what is 120c36c + -5?
120c367
In base 16, what is f96333 + -6?
f9632d
In base 11, what is -192 + -26933a?
-269521
In base 12, what is -15 + -1a4975?
-1a498a
In base 2, what is -10001 + -101001100100000000111?
-101001100100000011000
In base 2, what is 1101000111010010110000 - 10010?
1101000111010010011110
In base 5, what is 133 + -41301330?
-41301142
In base 13, what is 202 - 104520?
-10431b
In base 10, what is -22016 - 82?
-22098
In base 7, what is 5 + 105360351?
105360356
In base 2, what is -100 - 101010110011101100100?
-101010110011101101000
In base 15, what is 63110 - -36?
63146
In base 11, what is -16961 - 105?
-16a66
In base 6, what is 31220 - 11400?
15420
In base 6, what is 300 + -2511524?
-2511224
In base 3, what is -1012210 - -2211002101?
2202212121
In base 3, what i